(1883,14,47,'HÜSNÜ CAN KURNAZ',10,'AMP - 9. SINIF / B ŞUBESI',9,10,'Mesleki Gelişim Atölyesi 9',12,'AMP - 11. SINIF / A ŞUBESI',4,0,'2023-12-08 03:35:31','2023-12-08 03:35:33',1),(1884,14,48,'HÜSEYİN ÖZÇELİK',10,'AMP - 9. SINIF / B ŞUBESI',9,10,'Mesleki Gelişim Atölyesi 9',12,'AMP - 11. SINIF / A ŞUBESI',6,0,'2023-12-08 03:35:31','2023-12-08 03:35:33',1),(1885,14,49,'HAKAN ÇAKIR',10,'AMP - 9. SINIF / B ŞUBESI',9,10,'Mesleki Gelişim Atölyesi 9',12,'AMP - 11. SINIF / A ŞUBESI',8,0,'2023-12-08 03:35:31','2023-12-08 03:35:33',1),(1886,14,51,'HÜSEYİN AYAN',10,'AMP - 9. SINIF / B ŞUBESI',9,10,'Mesleki Gelişim Atölyesi 9',12,'AMP - 11. SINIF / A ŞUBESI',10,0,'2023-12-08 03:35:31','2023-12-08 03:35:33',1),(1887,14,52,'YİĞİT ARDA',10,'AMP - 9. SINIF / B ŞUBESI',9,10,'Mesleki Gelişim Atölyesi 9',12,'AMP - 11. SINIF / A ŞUBESI',12,0,'2023-12-08 03:35:31','2023-12-08 03:35:33',1),(1888,14,53,'MUSTAFA KEMAL MADRAN',10,'AMP - 9. SINIF / B ŞUBESI',9,10,'Mesleki Gelişim Atölyesi 9',12,'AMP - 11. SINIF / A ŞUBESI',14,0,'2023-12-08 03:35:31','2023-12-08 03:35:33',1),(1889,14,54,'ALİ KAPAN',10,'AMP - 9. SINIF / B ŞUBESI',9,10,'Mesleki Gelişim Atölyesi 9',12,'AMP - 11. SINIF / A ŞUBESI',16,0,'2023-12-08 03:35:31','2023-12-08 03:35:34',1),(1890,14,55,'EMİN TÜRKYILMAZ',10,'AMP - 9. SINIF / B ŞUBESI',9,10,'Mesleki Gelişim Atölyesi 9',12,'AMP - 11. SINIF / A ŞUBESI',18,0,'2023-12-08 03:35:31','2023-12-08 03:35:34',1),(1891,14,56,'SEMİH İŞLER',10,'AMP - 9. SINIF / B ŞUBESI',9,10,'Mesleki Gelişim Atölyesi 9',11,'AMP - 9. SINIF / C ŞUBESI',1,0,'2023-12-08 03:35:31','2023-12-08 03:35:34',1),(1892,14,59,'ALPEREN ONMAZ',10,'AMP - 9. SINIF / B ŞUBESI',9,10,'Mesleki Gelişim Atölyesi 9',11,'AMP - 9. SINIF / C ŞUBESI',3,0,'2023-12-08 03:35:31','2023-12-08 03:35:34',1),(1893,14,60,'YAĞMUR SEVGİ MADRAN',10,'AMP - 9. SINIF / B ŞUBESI',9,10,'Mesleki Gelişim Atölyesi 9',11,'AMP - 9. SINIF / C ŞUBESI',5,0,'2023-12-08 03:35:31','2023-12-08 03:35:34',1),(1894,14,61,'TURAN EFE UZUNKAYA',10,'AMP - 9. SINIF / B ŞUBESI',9,10,'Mesleki Gelişim Atölyesi 9',11,'AMP - 9. SINIF / C ŞUBESI',7,0,'2023-12-08 03:35:31','2023-12-08 03:35:34',1),(1895,14,62,'DORUK KUZUCUKLAR',10,'AMP - 9. SINIF / B ŞUBESI',9,10,'Mesleki Gelişim Atölyesi 9',11,'AMP - 9. SINIF / C ŞUBESI',9,0,'2023-12-08 03:35:31','2023-12-08 03:35:34',1),(1896,14,63,'BUĞRA MANAVAK',11,'AMP - 9. SINIF / C ŞUBESI',9,10,'Mesleki Gelişim Atölyesi 9',10,'AMP - 9. SINIF / B ŞUBESI',1,0,'2023-12-08 03:35:31','2023-12-08 03:35:31',1),(1897,14,65,'MUHAMMET EFE ÖZDEMİR',11,'AMP - 9. SINIF / C ŞUBESI',9,10,'Mesleki Gelişim Atölyesi 9',10,'AMP - 9. SINIF / B ŞUBESI',7,0,'2023-12-08 03:35:31','2023-12-08 03:35:31',1),(1898,14,67,'HASAN CEYLAN',11,'AMP - 9. SINIF / C ŞUBESI',9,10,'Mesleki Gelişim Atölyesi 9',10,'AMP - 9. SINIF / B ŞUBESI',13,0,'2023-12-08 03:35:31','2023-12-08 03:35:31',1),(1899,14,68,'SİMGE ZEREJ',11,'AMP - 9. SINIF / C ŞUBESI',9,10,'Mesleki Gelişim Atölyesi 9',10,'AMP - 9. SINIF / B ŞUBESI',19,0,'2023-12-08 03:35:31','2023-12-08 03:35:32',1),(1900,14,69,'NARİN SU KARAKAŞ',11,'AMP - 9. SINIF / C ŞUBESI',9,10,'Mesleki Gelişim Atölyesi 9',10,'AMP - 9. SINIF / B ŞUBESI',25,0,'2023-12-08 03:35:31','2023-12-08 03:35:32',1),(1901,14,70,'REMZİ YİĞİT ÇETİNER',11,'AMP - 9. SINIF / C ŞUBESI',9,10,'Mesleki Gelişim Atölyesi 9',10,'AMP - 9. SINIF / B ŞUBESI',31,0,'2023-12-08 03:35:31','2023-12-08 03:35:32',1),(1902,14,71,'EGE ŞAHİN',11,'AMP - 9. SINIF / C ŞUBESI',9,10,'Mesleki Gelişim Atölyesi 9',9,'AMP - 9. SINIF / A ŞUBESI',5,0,'2023-12-08 03:35:31','2023-12-08 03:35:32',1),(1903,14,73,'ALPARSLAN ÖZTÜRK',11,'AMP - 9. SINIF / C ŞUBESI',9,10,'Mesleki Gelişim Atölyesi 9',9,'AMP - 9. SINIF / A ŞUBESI',11,0,'2023-12-08 03:35:31','2023-12-08 03:35:32',1),(1904,14,64,'TUNA HELVACI',11,'AMP - 9. SINIF / C ŞUBESI',9,10,'Mesleki Gelişim Atölyesi 9',9,'AMP - 9. SINIF / A ŞUBESI',17,0,'2023-12-08 03:35:31','2023-12-08 03:35:32',1),(1905,14,74,'MUHAMMED ERTÜRK',11,'AMP - 9. SINIF / C ŞUBESI',9,10,'Mesleki Gelişim Atölyesi 9',9,'AMP - 9. SINIF / A ŞUBESI',23,0,'2023-12-08 03:35:31','2023-12-08 03:35:32',1),(1906,14,75,'YUNUS EMRE UĞUR',11,'AMP - 9. SINIF / C ŞUBESI',9,10,'Mesleki Gelişim Atölyesi 9',9,'AMP - 9. SINIF / A ŞUBESI',29,0,'2023-12-08 03:35:31','2023-12-08 03:35:32',1);

--
-- Table structure for table `sinavogrenciydks`
--

CREATE TABLE `sinavogrenciydks` (
  `id` bigint(20) unsigned NOT NULL AUTO_INCREMENT,
  `sinav_id` int(11) NOT NULL,
  `ogr_id` int(11) NOT NULL,
  `name` varchar(191) NOT NULL,
  `sinif_id` int(11) NOT NULL,
  `sname` varchar(191) NOT NULL,
  `seviye` int(11) NOT NULL,
  `ders_id` int(11) NOT NULL,
  `dname` varchar(191) NOT NULL,
  `derslik_id` int(11) NOT NULL DEFAULT 0,
  `derslikname` varchar(191) DEFAULT NULL,
  `sira` int(11) DEFAULT 0 COMMENT 'oturacağı sıra numarasını gösterir',
  `durum` int(11) NOT NULL DEFAULT 1,
  `created_at` timestamp NULL DEFAULT NULL,
  `updated_at` timestamp NULL DEFAULT NULL,
  `kurum_id` int(11) NOT NULL DEFAULT 0,
  PRIMARY KEY (`id`),
  KEY `sinavogrenciydks_ogr_id_foreign` (`ogr_id`),
  KEY `sinavogrenciydks_sinif_id_foreign` (`sinif_id`),
  KEY `sinavogrenciydks_ders_id_foreign` (`ders_id`)
) ENGINE=MyISAM DEFAULT CHARSET=utf8mb4 COLLATE=utf8mb4_unicode_ci;

--
-- Dumping data for table `sinavogrenciydks`
--


--
-- Table structure for table `sinavogretmens`
--

CREATE TABLE `sinavogretmens` (
  `id` bigint(20) unsigned NOT NULL AUTO_INCREMENT,
  `sinav_id` int(11) NOT NULL DEFAULT 0,
  `salon_id` int(11) NOT NULL DEFAULT 0,
  `salonname` varchar(191) DEFAULT NULL,
  `ogrt_id` int(11) NOT NULL,
  `name` varchar(191) NOT NULL,
  `durum` int(11) NOT NULL DEFAULT 1,
  `created_at` timestamp NULL DEFAULT NULL,
  `updated_at` timestamp NULL DEFAULT NULL,
  PRIMARY KEY (`id`),
  KEY `sinavogretmens_sinav_id_foreign` (`sinav_id`),
  KEY `sinavogretmens_salon_id_foreign` (`salon_id`)
) ENGINE=MyISAM DEFAULT CHARSET=utf8mb4 COLLATE=utf8mb4_unicode_ci;

--
-- Dumping data for table `sinavogretmens`
--


--
-- Table structure for table `sinavs`
--

CREATE TABLE `sinavs` (
  `id` bigint(20) unsigned NOT NULL AUTO_INCREMENT,
  `saat` int(11) NOT NULL,
  `baslangic` varchar(191) DEFAULT NULL,
  `bitis` varchar(191) DEFAULT NULL,
  `tarih` date NOT NULL,
  `kurum_id` int(11) NOT NULL DEFAULT 0,
  `durum` int(11) NOT NULL DEFAULT 1,
  `created_at` timestamp NULL DEFAULT NULL,
  `updated_at` timestamp NULL DEFAULT NULL,
  PRIMARY KEY (`id`)
) ENGINE=MyISAM AUTO_INCREMENT=19 DEFAULT CHARSET=utf8mb4 COLLATE=utf8mb4_unicode_ci;

--
-- Dumping data for table `sinavs`
--

INSERT INTO `sinavs` (`id`, `saat`, `baslangic`, `bitis`, `tarih`, `kurum_id`, `durum`, `created_at`, `updated_at`) VALUES (1,3,NULL,NULL,'2023-12-25',1,1,'2023-12-08 03:29:03','2023-12-08 03:29:03'),(18,7,NULL,NULL,'2023-12-26',1,1,'2023-12-19 09:49:48','2023-12-19 09:49:48'),(16,3,NULL,NULL,'2023-12-27',1,1,'2023-12-19 09:48:02','2023-12-19 09:48:02'),(15,3,NULL,NULL,'2023-12-26',1,1,'2023-12-19 09:45:35','2023-12-19 09:45:35'),(6,3,NULL,NULL,'2023-12-28',1,1,'2023-12-08 03:32:13','2023-12-08 03:32:13'),(17,7,NULL,NULL,'2023-12-28',1,1,'2023-12-19 09:49:17','2023-12-19 09:49:17'),(8,3,NULL,NULL,'2023-12-29',1,1,'2023-12-08 03:32:59','2023-12-08 03:32:59'),(9,3,NULL,NULL,'2024-01-02',1,1,'2023-12-08 03:33:30','2023-12-08 03:33:30'),(10,3,NULL,NULL,'2024-01-03',1,1,'2023-12-08 03:34:10','2023-12-08 03:34:10'),(11,7,NULL,NULL,'2024-01-03',1,1,'2023-12-08 03:34:30','2023-12-08 03:34:30'),(12,7,NULL,NULL,'2024-01-04',1,1,'2023-12-08 03:34:52','2023-12-08 03:34:52'),(13,3,NULL,NULL,'2024-01-04',1,1,'2023-12-08 03:35:14','2023-12-08 03:35:14'),(14,3,NULL,NULL,'2024-01-05',1,1,'2023-12-08 03:35:31','2023-12-08 03:35:31');

--
-- Table structure for table `sinavsinifs`
--

CREATE TABLE `sinavsinifs` (
  `id` bigint(20) unsigned NOT NULL AUTO_INCREMENT,
  `sinav_id` int(11) NOT NULL,
  `sinif_id` int(11) NOT NULL,
  `name` varchar(191) NOT NULL,
  `seviye` int(11) NOT NULL,
  `kapasite` int(11) NOT NULL DEFAULT 0,
  `katilan` int(11) NOT NULL DEFAULT 0,
  `created_at` timestamp NULL DEFAULT NULL,
  `updated_at` timestamp NULL DEFAULT NULL,
  PRIMARY KEY (`id`),
  KEY `sinavsinifs_sinav_id_foreign` (`sinav_id`)
) ENGINE=MyISAM AUTO_INCREMENT=100 DEFAULT CHARSET=utf8mb4 COLLATE=utf8mb4_unicode_ci;

--
-- Dumping data for table `sinavsinifs`
--

INSERT INTO `sinavsinifs` (`id`, `sinav_id`, `sinif_id`, `name`, `seviye`, `kapasite`, `katilan`, `created_at`, `updated_at`) VALUES (1,1,9,'AMP - 9. SINIF / A ŞUBESI',9,30,30,'2023-12-08 03:29:03','2023-12-08 03:29:05'),(2,1,10,'AMP - 9. SINIF / B ŞUBESI',9,32,32,'2023-12-08 03:29:03','2023-12-08 03:29:04'),(3,1,11,'AMP - 9. SINIF / C ŞUBESI',9,14,5,'2023-12-08 03:29:03','2023-12-08 03:29:06'),(4,1,3,'AMP - 10. SINIF / A ŞUBESI',10,26,26,'2023-12-08 03:29:03','2023-12-08 03:29:05'),(5,1,6,'AMP - 10. SINIF / B ŞUBESI',10,26,25,'2023-12-08 03:29:03','2023-12-08 03:29:05'),(6,1,4,'AMP - 11. SINIF / B ŞUBESI',11,24,23,'2023-12-08 03:29:03','2023-12-08 03:29:06'),(7,1,12,'AMP - 11. SINIF / A ŞUBESI',11,20,18,'2023-12-08 03:29:03','2023-12-08 03:29:06'),(99,18,6,'AMP - 10. SINIF / B ŞUBESI',10,26,24,'2023-12-19 09:49:48','2023-12-19 09:49:48'),(92,16,12,'AMP - 11. SINIF / A ŞUBESI',11,20,15,'2023-12-19 09:48:02','2023-12-19 09:48:04'),(86,15,6,'AMP - 10. SINIF / B ŞUBESI',10,26,26,'2023-12-19 09:45:35','2023-12-19 09:45:36'),(91,16,4,'AMP - 11. SINIF / B ŞUBESI',11,24,24,'2023-12-19 09:48:02','2023-12-19 09:48:04'),(90,16,6,'AMP - 10. SINIF / B ŞUBESI',10,26,26,'2023-12-19 09:48:02','2023-12-19 09:48:03'),(89,16,3,'AMP - 10. SINIF / A ŞUBESI',10,26,26,'2023-12-19 09:48:02','2023-12-19 09:48:04'),(88,15,12,'AMP - 11. SINIF / A ŞUBESI',11,20,15,'2023-12-19 09:45:35','2023-12-19 09:45:36'),(87,15,4,'AMP - 11. SINIF / B ŞUBESI',11,24,24,'2023-12-19 09:45:35','2023-12-19 09:45:36'),(85,15,3,'AMP - 10. SINIF / A ŞUBESI',10,26,26,'2023-12-19 09:45:35','2023-12-19 09:45:36'),(98,18,3,'AMP - 10. SINIF / A ŞUBESI',10,26,23,'2023-12-19 09:49:48','2023-12-19 09:49:49'),(96,17,3,'AMP - 10. SINIF / A ŞUBESI',10,26,23,'2023-12-19 09:49:17','2023-12-19 09:49:19'),(97,17,6,'AMP - 10. SINIF / B ŞUBESI',10,26,23,'2023-12-19 09:49:17','2023-12-19 09:49:19'),(32,6,9,'AMP - 9. SINIF / A ŞUBESI',9,30,30,'2023-12-08 03:32:13','2023-12-08 03:32:15'),(33,6,10,'AMP - 9. SINIF / B ŞUBESI',9,32,30,'2023-12-08 03:32:13','2023-12-08 03:32:15'),(34,6,11,'AMP - 9. SINIF / C ŞUBESI',9,14,3,'2023-12-08 03:32:13','2023-12-08 03:32:15'),(35,6,3,'AMP - 10. SINIF / A ŞUBESI',10,26,26,'2023-12-08 03:32:13','2023-12-08 03:32:14'),(36,6,6,'AMP - 10. SINIF / B ŞUBESI',10,26,26,'2023-12-08 03:32:13','2023-12-08 03:32:14'),(37,6,4,'AMP - 11. SINIF / B ŞUBESI',11,24,24,'2023-12-08 03:32:13','2023-12-08 03:32:13'),(38,6,12,'AMP - 11. SINIF / A ŞUBESI',11,20,20,'2023-12-08 03:32:13','2023-12-08 03:32:14'),(95,17,11,'AMP - 9. SINIF / C ŞUBESI',9,14,11,'2023-12-19 09:49:17','2023-12-19 09:49:20'),(94,17,10,'AMP - 9. SINIF / B ŞUBESI',9,32,30,'2023-12-19 09:49:17','2023-12-19 09:49:18'),(93,17,9,'AMP - 9. SINIF / A ŞUBESI',9,30,28,'2023-12-19 09:49:17','2023-12-19 09:49:18'),(42,8,9,'AMP - 9. SINIF / A ŞUBESI',9,30,30,'2023-12-08 03:32:59','2023-12-08 03:33:00'),(43,8,10,'AMP - 9. SINIF / B ŞUBESI',9,32,32,'2023-12-08 03:32:59','2023-12-08 03:33:00'),(44,8,11,'AMP - 9. SINIF / C ŞUBESI',9,14,14,'2023-12-08 03:32:59','2023-12-08 03:33:01'),(45,8,3,'AMP - 10. SINIF / A ŞUBESI',10,26,26,'2023-12-08 03:32:59','2023-12-08 03:33:01'),(46,8,6,'AMP - 10. SINIF / B ŞUBESI',10,26,25,'2023-12-08 03:32:59','2023-12-08 03:33:02'),(47,8,4,'AMP - 11. SINIF / B ŞUBESI',11,24,24,'2023-12-08 03:32:59','2023-12-08 03:33:02'),(48,8,12,'AMP - 11. SINIF / A ŞUBESI',11,20,8,'2023-12-08 03:32:59','2023-12-08 03:33:03'),(49,9,9,'AMP - 9. SINIF / A ŞUBESI',9,30,30,'2023-12-08 03:33:30','2023-12-08 03:33:32'),(50,9,10,'AMP - 9. SINIF / B ŞUBESI',9,32,30,'2023-12-08 03:33:30','2023-12-08 03:33:33'),(51,9,11,'AMP - 9. SINIF / C ŞUBESI',9,14,3,'2023-12-08 03:33:30','2023-12-08 03:33:33'),(52,9,3,'AMP - 10. SINIF / A ŞUBESI',10,26,26,'2023-12-08 03:33:30','2023-12-08 03:33:31'),(53,9,6,'AMP - 10. SINIF / B ŞUBESI',10,26,26,'2023-12-08 03:33:30','2023-12-08 03:33:32'),(54,9,4,'AMP - 11. SINIF / B ŞUBESI',11,24,24,'2023-12-08 03:33:30','2023-12-08 03:33:31'),(55,9,12,'AMP - 11. SINIF / A ŞUBESI',11,20,20,'2023-12-08 03:33:30','2023-12-08 03:33:31'),(56,10,9,'AMP - 9. SINIF / A ŞUBESI',9,30,30,'2023-12-08 03:34:10','2023-12-08 03:34:11'),(57,10,10,'AMP - 9. SINIF / B ŞUBESI',9,32,32,'2023-12-08 03:34:10','2023-12-08 03:34:12'),(58,10,11,'AMP - 9. SINIF / C ŞUBESI',9,14,14,'2023-12-08 03:34:10','2023-12-08 03:34:12'),(59,10,3,'AMP - 10. SINIF / A ŞUBESI',10,26,26,'2023-12-08 03:34:10','2023-12-08 03:34:12'),(60,10,6,'AMP - 10. SINIF / B ŞUBESI',10,26,25,'2023-12-08 03:34:10','2023-12-08 03:34:13'),(61,10,4,'AMP - 11. SINIF / B ŞUBESI',11,24,24,'2023-12-08 03:34:10','2023-12-08 03:34:13'),(62,10,12,'AMP - 11. SINIF / A ŞUBESI',11,20,8,'2023-12-08 03:34:10','2023-12-08 03:34:13'),(63,11,9,'AMP - 9. SINIF / A ŞUBESI',9,30,30,'2023-12-08 03:34:30','2023-12-08 03:34:31'),(64,11,10,'AMP - 9. SINIF / B ŞUBESI',9,32,32,'2023-12-08 03:34:30','2023-12-08 03:34:31'),(65,11,11,'AMP - 9. SINIF / C ŞUBESI',9,14,9,'2023-12-08 03:34:30','2023-12-08 03:34:33'),(66,11,4,'AMP - 11. SINIF / B ŞUBESI',11,24,22,'2023-12-08 03:34:30','2023-12-08 03:34:32'),(67,11,12,'AMP - 11. SINIF / A ŞUBESI',11,20,19,'2023-12-08 03:34:30','2023-12-08 03:34:32'),(68,12,9,'AMP - 9. SINIF / A ŞUBESI',9,30,30,'2023-12-08 03:34:52','2023-12-08 03:34:53'),(69,12,10,'AMP - 9. SINIF / B ŞUBESI',9,32,32,'2023-12-08 03:34:52','2023-12-08 03:34:53'),(70,12,11,'AMP - 9. SINIF / C ŞUBESI',9,14,9,'2023-12-08 03:34:52','2023-12-08 03:34:55'),(71,12,4,'AMP - 11. SINIF / B ŞUBESI',11,24,22,'2023-12-08 03:34:52','2023-12-08 03:34:54'),(72,12,12,'AMP - 11. SINIF / A ŞUBESI',11,20,19,'2023-12-08 03:34:52','2023-12-08 03:34:54'),(73,13,9,'AMP - 9. SINIF / A ŞUBESI',9,30,30,'2023-12-08 03:35:14','2023-12-08 03:35:16'),(74,13,10,'AMP - 9. SINIF / B ŞUBESI',9,32,32,'2023-12-08 03:35:14','2023-12-08 03:35:15'),(75,13,11,'AMP - 9. SINIF / C ŞUBESI',9,14,5,'2023-12-08 03:35:14','2023-12-08 03:35:18'),(76,13,3,'AMP - 10. SINIF / A ŞUBESI',10,26,26,'2023-12-08 03:35:14','2023-12-08 03:35:16'),(77,13,6,'AMP - 10. SINIF / B ŞUBESI',10,26,25,'2023-12-08 03:35:14','2023-12-08 03:35:17'),(78,13,4,'AMP - 11. SINIF / B ŞUBESI',11,24,23,'2023-12-08 03:35:14','2023-12-08 03:35:17'),(79,13,12,'AMP - 11. SINIF / A ŞUBESI',11,20,18,'2023-12-08 03:35:14','2023-12-08 03:35:18'),(80,14,9,'AMP - 9. SINIF / A ŞUBESI',9,30,30,'2023-12-08 03:35:31','2023-12-08 03:35:33'),(81,14,10,'AMP - 9. SINIF / B ŞUBESI',9,32,32,'2023-12-08 03:35:31','2023-12-08 03:35:32'),(82,14,11,'AMP - 9. SINIF / C ŞUBESI',9,14,9,'2023-12-08 03:35:31','2023-12-08 03:35:34'),(83,14,4,'AMP - 11. SINIF / B ŞUBESI',11,24,22,'2023-12-08 03:35:31','2023-12-08 03:35:33'),(84,14,12,'AMP - 11. SINIF / A ŞUBESI',11,20,19,'2023-12-08 03:35:31','2023-12-08 03:35:34');

--
-- Table structure for table `sinifbelgeturs`
--

CREATE TABLE `sinifbelgeturs` (
  `id` bigint(20) unsigned NOT NULL AUTO_INCREMENT,
  `sinif` int(11) NOT NULL,
  `tanim` varchar(191) DEFAULT NULL,
  `tur_no` int(11) NOT NULL,
  `durum` int(11) NOT NULL DEFAULT 0,
  `created_at` timestamp NULL DEFAULT NULL,
  `updated_at` timestamp NULL DEFAULT NULL,
  `deleted_at` timestamp NULL DEFAULT NULL,
  PRIMARY KEY (`id`)
) ENGINE=MyISAM DEFAULT CHARSET=utf8mb4 COLLATE=utf8mb4_unicode_ci;

--
-- Dumping data for table `sinifbelgeturs`
--


--
-- Table structure for table `sinifogretmens`
--

CREATE TABLE `sinifogretmens` (
  `id` bigint(20) unsigned NOT NULL AUTO_INCREMENT,
  `sinif_id` int(11) NOT NULL,
  `ogrt_id` int(11) DEFAULT NULL,
  `deleted_at` timestamp NULL DEFAULT NULL,
  `created_at` timestamp NULL DEFAULT NULL,
  `updated_at` timestamp NULL DEFAULT NULL,
  `kurum_id` int(11) NOT NULL DEFAULT 0,
  PRIMARY KEY (`id`),
  KEY `sinifogretmens_ogrt_id_foreign` (`ogrt_id`),
  KEY `sinifogretmens_sinif_id_foreign` (`sinif_id`)
) ENGINE=MyISAM DEFAULT CHARSET=utf8mb4 COLLATE=utf8mb4_unicode_ci;

--
-- Dumping data for table `sinifogretmens`
--


--
-- Table structure for table `sinifs`
--

CREATE TABLE `sinifs` (
  `id` bigint(20) unsigned NOT NULL AUTO_INCREMENT,
  `name` varchar(191) NOT NULL,
  `slug` varchar(191) DEFAULT NULL,
  `mevcut` int(11) DEFAULT 0,
  `kapasite` int(11) DEFAULT 0,
  `seviye` int(11) DEFAULT 0,
  `alan` varchar(191) DEFAULT NULL,
  `derslik` varchar(191) DEFAULT NULL,
  `created_at` timestamp NULL DEFAULT NULL,
  `updated_at` timestamp NULL DEFAULT NULL,
  `kurum_id` int(11) NOT NULL DEFAULT 0,
  `ogrt_id` int(11) DEFAULT NULL,
  PRIMARY KEY (`id`),
  KEY `sinifs_ogrt_id_foreign` (`ogrt_id`)
) ENGINE=MyISAM AUTO_INCREMENT=13 DEFAULT CHARSET=utf8mb4 COLLATE=utf8mb4_unicode_ci;

--
-- Dumping data for table `sinifs`
--

INSERT INTO `sinifs` (`id`, `name`, `slug`, `mevcut`, `kapasite`, `seviye`, `alan`, `derslik`, `created_at`, `updated_at`, `kurum_id`, `ogrt_id`) VALUES (3,'AMP - 10. SINIF / A ŞUBESI','amp-10-sinif-a-subesi',22,22,10,'Bilişim Teknolojileri','AMP - 10. SINIF / A ŞUBESI','2023-12-07 04:42:55','2023-12-28 07:25:11',1,NULL),(4,'AMP - 11. SINIF / B ŞUBESI','amp-11-sinif-b-subesi',24,24,11,'Elektrik-Elektronik Teknolojileri','AMP - 11. SINIF / B ŞUBESI','2023-12-07 04:42:55','2023-12-07 04:44:17',1,NULL),(5,'AMP - 12. SINIF / A ŞUBESI','amp-12-sinif-a-subesi',23,24,12,'Bilişim Teknolojileri','AMP - 12. SINIF / A ŞUBESI','2023-12-07 04:42:55','2023-12-28 07:25:11',1,NULL),(6,'AMP - 10. SINIF / B ŞUBESI','amp-10-sinif-b-subesi',25,26,10,'Elektrik-Elektronik Teknolojileri','AMP - 10. SINIF / B ŞUBESI','2023-12-07 04:42:55','2023-12-07 04:44:24',1,NULL),(7,'AMP - 12. SINIF / C ŞUBESI','amp-12-sinif-c-subesi',26,26,12,'Elektrik-Elektronik Teknolojileri','AMP - 12. SINIF / C ŞUBESI','2023-12-07 04:42:55','2023-12-07 04:44:30',1,NULL),(8,'AMP - 12. SINIF / B ŞUBESI','amp-12-sinif-b-subesi',22,22,12,'Bilişim Teknolojileri','AMP - 12. SINIF / B ŞUBESI','2023-12-07 04:42:55','2023-12-07 04:44:35',1,NULL),(9,'AMP - 9. SINIF / A ŞUBESI','amp-9-sinif-a-subesi',28,28,9,'Bilişim Teknolojileri','AMP - 9. SINIF / A ŞUBESI','2023-12-07 04:42:55','2023-12-28 07:25:11',1,NULL),(10,'AMP - 9. SINIF / B ŞUBESI','amp-9-sinif-b-subesi',29,30,9,'Elektrik-Elektronik Teknolojileri','AMP - 9. SINIF / B ŞUBESI','2023-12-07 04:42:55','2023-12-28 07:25:12',1,NULL),(11,'AMP - 9. SINIF / C ŞUBESI','amp-9-sinif-c-subesi',11,12,9,'Diğer','AMP - 9. SINIF / C ŞUBESI','2023-12-07 04:42:55','2023-12-28 07:25:12',1,NULL),(12,'AMP - 11. SINIF / A ŞUBESI','amp-11-sinif-a-subesi',20,20,11,'Bilişim Teknolojileri','AMP - 11. SINIF / A ŞUBESI','2023-12-07 04:42:55','2023-12-07 04:45:04',1,NULL);

--
-- Table structure for table `sorderslers`
--

CREATE TABLE `sorderslers` (
  `id` bigint(20) unsigned NOT NULL AUTO_INCREMENT,
  `name` varchar(191) NOT NULL,
  `name_slug` varchar(191) DEFAULT NULL,
  `sinif` int(11) NOT NULL COMMENT 'sorumluluk sınavı sınıf düzeyini gösterir',
  `ogr_sayi` int(11) NOT NULL DEFAULT 0,
  `durum` int(11) NOT NULL DEFAULT 1,
  `bdurum` int(11) NOT NULL DEFAULT 1 COMMENT 'Birleştime durumu 1 ise birleştirilebilir, 0 ise birleştirilemez',
  `hsonu` int(11) NOT NULL DEFAULT 0,
  `brans` varchar(191) DEFAULT NULL,
  `kurum_id` int(11) NOT NULL DEFAULT 0,
  `created_at` timestamp NULL DEFAULT NULL,
  `updated_at` timestamp NULL DEFAULT NULL,
  PRIMARY KEY (`id`)
) ENGINE=MyISAM AUTO_INCREMENT=65 DEFAULT CHARSET=utf8mb4 COLLATE=utf8mb4_unicode_ci;

--
-- Dumping data for table `sorderslers`
--

INSERT INTO `sorderslers` (`id`, `name`, `name_slug`, `sinif`, `ogr_sayi`, `durum`, `bdurum`, `hsonu`, `brans`, `kurum_id`, `created_at`, `updated_at`) VALUES (1,'PROGRAMLAMA TEMELLERİ','programlama-temelleri',9,11,1,1,0,'bilisim-teknolojileri',1,'2023-12-21 10:50:56','2023-12-21 10:50:56'),(2,'TÜRK DİLİ VE EDEBİYATI','turk-dili-ve-edebiyati',9,24,1,1,0,'turk-dili-ve-edebiyati',1,'2023-12-21 10:50:56','2023-12-25 05:03:32'),(3,'BİLGİSAYARLI TASARIM UYGULAMALARI','bilgisayarli-tasarim-uygulamalari',9,3,1,1,0,'bilisim-teknolojileri',1,'2023-12-21 10:50:56','2023-12-21 10:50:56'),(4,'BİLİŞİM TEKNOLOJİLERİNİN TEMELLERİ','bilisim-teknolojilerinin-temelleri',9,4,1,1,0,'bilisim-teknolojileri',1,'2023-12-21 10:50:56','2023-12-21 10:50:56'),(5,'MESLEKİ GELİŞİM ATÖLYESİ','mesleki-gelisim-atolyesi',9,5,1,1,0,'bilisim-teknolojileri',1,'2023-12-21 10:50:56','2023-12-21 10:50:56'),(6,'TEMEL ELEKTRİK-ELEKTRONİK ATÖLYESİ','temel-elektrik-elektronik-atolyesi',9,11,1,1,0,'elektrik-elektronik-tekelektronik',1,'2023-12-21 10:50:56','2023-12-21 10:50:56'),(7,'TÜRK DİLİ VE EDEBİYATI','turk-dili-ve-edebiyati',10,28,1,1,0,'turk-dili-ve-edebiyati',1,'2023-12-21 10:50:56','2023-12-25 05:03:32'),(8,'BİYOLOJİ','biyoloji',9,8,1,1,0,'biyoloji',1,'2023-12-21 10:50:56','2023-12-25 05:03:32'),(9,'COĞRAFYA','cografya',9,9,1,1,0,'cografya',1,'2023-12-21 10:50:56','2023-12-25 05:03:32'),(10,'FİZİK','fizik',9,6,1,1,0,'fizik',1,'2023-12-21 10:50:56','2023-12-25 05:03:32'),(11,'KİMYA','kimya',9,5,1,1,0,'kimya',1,'2023-12-21 10:50:56','2023-12-21 10:50:56'),(12,'DİN KÜLTÜRÜ VE AHLÂK BİLGİSİ','din-kulturu-ve-ahlak-bilgisi',9,2,1,1,0,'din-kulturu-ve-ahlak-bilgisi',1,'2023-12-21 10:50:56','2023-12-25 05:03:43'),(13,'TARİH','tarih',9,2,1,1,0,'tarih',1,'2023-12-21 10:50:56','2023-12-25 05:03:32'),(14,'MATEMATİK','matematik',9,8,1,1,0,'matematik',1,'2023-12-21 10:50:56','2023-12-25 05:03:43'),(21,'DİN KÜLTÜRÜ VE AHLÂK BİLGİSİ','din-kulturu-ve-ahlak-bilgisi',11,2,1,1,0,'din-kulturu-ve-ahlak-bilgisi',1,'2023-12-21 10:50:56','2023-12-25 05:03:32'),(22,'TARİH','tarih',10,1,1,1,0,'tarih',1,'2023-12-21 10:50:56','2023-12-21 10:50:56'),(23,'FELSEFE','felsefe',11,4,1,1,0,'felsefe',1,'2023-12-21 10:50:56','2023-12-25 05:03:32'),(24,'YABANCI DİL','yabanci-dil',12,2,1,1,0,'ingilizce',1,'2023-12-21 10:50:56','2023-12-25 05:03:32'),(25,'YABANCI DİL','yabanci-dil',11,1,1,1,0,'ingilizce',1,'2023-12-21 10:50:56','2023-12-25 05:03:32'),(26,'İNTERNET PROGRAMCILIĞI','internet-programciligi',12,2,1,1,0,'bilisim-teknolojileri',1,'2023-12-21 10:50:56','2023-12-25 05:03:32'),(27,'İŞLETMELERDE MESLEKİ EĞİTİM','isletmelerde-mesleki-egitim',12,3,1,1,0,'isletmelerde-mesleki-egitim',1,'2023-12-21 10:50:56','2023-12-25 05:03:32'),(28,'TÜRK DİLİ VE EDEBİYATI','turk-dili-ve-edebiyati',12,7,1,1,0,'turk-dili-ve-edebiyati',1,'2023-12-21 10:50:56','2023-12-25 05:03:32'),(29,'SEÇMELİ TÜRK DİLİ VE EDEBİYATI','secmeli-turk-dili-ve-edebiyati',12,1,1,1,0,'turk-dili-ve-edebiyati',1,'2023-12-21 10:50:56','2023-12-21 10:50:56'),(30,'FELSEFE','felsefe',10,2,1,1,0,'felsefe',1,'2023-12-21 10:50:56','2023-12-25 05:03:32'),(31,'BİLİŞİM TEKNOLOJİLERİNİN TEMELLERİ','bilisim-teknolojilerinin-temelleri',10,2,1,1,0,'bilisim-teknolojileri',1,'2023-12-21 10:50:56','2023-12-21 10:50:56'),(32,'OFİS PROGRAMLARI','ofis-programlari',10,2,1,1,0,'bilisim-teknolojileri',1,'2023-12-21 10:50:56','2023-12-21 10:50:56'),(33,'MATEMATİK','matematik',10,3,1,1,0,'matematik',1,'2023-12-21 10:50:56','2023-12-25 05:03:32'),(34,'FİZİK','fizik',10,4,1,1,0,'fizik',1,'2023-12-21 10:50:56','2023-12-25 05:03:32'),(35,'BİYOLOJİ','biyoloji',10,4,1,1,0,'biyoloji',1,'2023-12-21 10:50:56','2023-12-25 05:03:32'),(36,'YABANCI DİL','yabanci-dil',9,3,1,1,0,'ingilizce',1,'2023-12-21 10:50:56','2023-12-25 05:03:32'),(37,'WEB TASARIM VE PROGRAMLAMA','web-tasarim-ve-programlama',11,3,1,1,0,'bilisim-teknolojileri',1,'2023-12-21 10:50:56','2023-12-25 05:03:32'),(38,'TÜRK DİLİ VE EDEBİYATI','turk-dili-ve-edebiyati',11,11,1,1,0,'turk-dili-ve-edebiyati',1,'2023-12-21 10:50:56','2023-12-25 05:03:32'),(39,'DİN KÜLTÜRÜ VE AHLÂK BİLGİSİ','din-kulturu-ve-ahlak-bilgisi',12,1,1,1,0,'din-kulturu-ve-ahlak-bilgisi',1,'2023-12-21 10:50:56','2023-12-25 05:03:32'),(40,'COĞRAFYA','cografya',10,1,1,1,0,'cografya',1,'2023-12-21 10:50:56','2023-12-25 05:03:32'),(41,'TARİH','tarih',11,2,1,1,0,'tarih',1,'2023-12-21 10:50:56','2023-12-25 05:03:32'),(42,'T.C. İNKILÂP TARİHİ VE ATATÜRKÇÜLÜK','tc-inkilap-tarihi-ve-ataturkculuk',12,2,1,1,0,'tc-inkilap-tarihi-ve-ataturkculuk',1,'2023-12-21 10:50:56','2023-12-25 05:03:32'),(43,'KİMYA','kimya',10,2,1,1,0,'kimya',1,'2023-12-21 10:50:56','2023-12-25 05:03:32'),(45,'SEÇMELİ DEMOKRASİ VE İNSAN HAKLARI','secmeli-demokrasi-ve-insan-haklari',12,2,1,1,0,'secmeli-demokrasi-ve-insan-haklari',1,'2023-12-21 10:50:56','2023-12-25 05:03:32'),(46,'GRAFİK VE ANİMASYON','grafik-ve-animasyon',11,1,1,1,0,'bilisim-teknolojileri',1,'2023-12-21 10:50:56','2023-12-25 05:03:32'),(47,'SEÇMELİ MATEMATİK','secmeli-matematik',12,2,1,1,0,'matematik',1,'2023-12-21 10:50:56','2023-12-25 05:03:32'),(48,'YABANCI DİL','yabanci-dil',10,1,1,1,0,'ingilizce',1,'2023-12-21 10:50:56','2023-12-25 05:03:32'),(50,'SEÇMELİ MATEMATİK','secmeli-matematik',11,1,1,1,0,'matematik',1,'2023-12-21 10:50:56','2023-12-25 05:03:32'),(51,'SEÇMELİ YABANCI DİL','secmeli-yabanci-dil',11,2,1,1,0,'ingilizce',1,'2023-12-21 10:50:56','2023-12-25 05:03:32'),(53,'PROGRAMLAMA TEMELLERİ','programlama-temelleri',10,1,1,1,0,'bilisim-teknolojileri',1,'2023-12-21 10:50:56','2023-12-25 05:03:32'),(54,'BİLİŞİM TEKNİK RESMİ','bilisim-teknik-resmi',10,1,1,1,0,'bilisim-teknolojileri',1,'2023-12-21 10:50:56','2023-12-25 05:03:32'),(55,'SEÇMELİ DRAMA','secmeli-drama',10,1,1,1,0,'turk-dili-ve-edebiyati',1,'2023-12-21 10:50:56','2023-12-25 05:03:32'),(56,'WEB TABANLI UYGULAMA GELİŞTİRME','web-tabanli-uygulama-gelistirme',11,5,1,1,0,'web-tabanli-uygulama-gelistirme',1,'2023-12-21 10:50:56','2023-12-21 10:50:56'),(57,'NESNE TABANLI PROGRAMLAMA','nesne-tabanli-programlama',10,1,1,1,0,'bilisim-teknolojileri',1,'2023-12-21 10:50:56','2023-12-21 10:50:56'),(58,'BİLGİSAYAR DESTEKLİ UYGULAMALAR','bilgisayar-destekli-uygulamalar',11,1,1,1,0,'elektrik-elektronik-tekelektronik',1,'2023-12-21 10:50:56','2023-12-21 10:50:56'),(59,'DİJİTAL ELEKTRONİK','dijital-elektronik',11,1,1,1,0,'elektrik-elektronik-tekelektronik',1,'2023-12-21 10:50:56','2023-12-21 10:50:56'),(60,'ELEKTRİK ELEKTRONİK VE ÖLÇME','elektrik-elektronik-ve-olcme',10,1,1,1,0,'elektrik-elektronik-tekelektronik',1,'2023-12-21 10:50:56','2023-12-21 10:50:56'),(61,'ENDÜSTRİYEL KONTROL VE ARIZA ANALİZİ','endustriyel-kontrol-ve-ariza-analizi',11,1,1,1,0,'elektrik-elektronik-tekelektronik',1,'2023-12-21 10:50:56','2023-12-21 10:50:56'),(62,'MİKROKONTROL DEVRELERİ','mikrokontrol-devreleri',11,1,1,1,0,'elektrik-elektronik-tekelektronik',1,'2023-12-21 10:50:56','2023-12-21 10:50:56'),(63,'ELEKTRİK-ELEKTRONİK TEKNİK RESMİ','elektrik-elektronik-teknik-resmi',10,1,1,1,0,'elektrik-elektronik-tekelektronik',1,'2023-12-21 10:50:56','2023-12-21 10:50:56'),(64,'ELEKTRONİK ATÖLYESİ','elektronik-atolyesi',10,1,1,1,0,'elektrik-elektronik-tekelektronik',1,'2023-12-21 10:50:56','2023-12-21 10:50:56');

--
-- Table structure for table `sorogrencilers`
--

CREATE TABLE `sorogrencilers` (
  `id` bigint(20) unsigned NOT NULL AUTO_INCREMENT,
  `sinav_id` int(11) NOT NULL,
  `no` varchar(191) NOT NULL,
  `name` varchar(191) NOT NULL,
  `name_slug` varchar(191) NOT NULL,
  `seviye` int(11) NOT NULL,
  `ders_id` int(11) NOT NULL,
  `ders` varchar(191) NOT NULL,
  `ders_slug` varchar(191) NOT NULL,
  `saat` int(11) NOT NULL DEFAULT 0,
  `tarih` date DEFAULT NULL,
  `durum` int(11) NOT NULL DEFAULT 1,
  `created_at` timestamp NULL DEFAULT NULL,
  `updated_at` timestamp NULL DEFAULT NULL,
  `kurum_id` int(11) NOT NULL DEFAULT 0,
  PRIMARY KEY (`id`),
  KEY `sorogrencilers_ders_id_foreign` (`ders_id`)
) ENGINE=MyISAM DEFAULT CHARSET=utf8mb4 COLLATE=utf8mb4_unicode_ci;

--
-- Dumping data for table `sorogrencilers`
--


--
-- Table structure for table `sorogretmenlers`
--

CREATE TABLE `sorogretmenlers` (
  `id` bigint(20) unsigned NOT NULL AUTO_INCREMENT,
  `sinav_id` int(11) NOT NULL DEFAULT 0,
  `ogrt_id` int(11) NOT NULL,
  `name` varchar(191) NOT NULL,
  `tur` varchar(191) DEFAULT 'komisyon',
  `durum` int(11) NOT NULL DEFAULT 1,
  `saat` int(11) NOT NULL DEFAULT 0,
  `tarih` date DEFAULT NULL,
  `kurum_id` int(11) NOT NULL DEFAULT 0,
  `created_at` timestamp NULL DEFAULT NULL,
  `updated_at` timestamp NULL DEFAULT NULL,
  PRIMARY KEY (`id`),
  KEY `sorogretmenlers_sinav_id_foreign` (`sinav_id`)
) ENGINE=MyISAM DEFAULT CHARSET=utf8mb4 COLLATE=utf8mb4_unicode_ci;

--
-- Dumping data for table `sorogretmenlers`
--


--
-- Table structure for table `sorsinavlars`
--

CREATE TABLE `sorsinavlars` (
  `id` bigint(20) unsigned NOT NULL AUTO_INCREMENT,
  `ders_id` int(11) NOT NULL,
  `saat` int(11) NOT NULL DEFAULT 0,
  `baslangic` varchar(191) DEFAULT NULL,
  `bitis` varchar(191) DEFAULT NULL,
  `tarih` date NOT NULL,
  `kurum_id` int(11) NOT NULL DEFAULT 0,
  `durum` int(11) NOT NULL DEFAULT 1,
  `ogrt_sayi` int(11) NOT NULL DEFAULT 0,
  `birlestir` int(11) NOT NULL DEFAULT 0,
  `created_at` timestamp NULL DEFAULT NULL,
  `updated_at` timestamp NULL DEFAULT NULL,
  PRIMARY KEY (`id`),
  KEY `sorsinavlars_ders_id_foreign` (`ders_id`)
) ENGINE=MyISAM DEFAULT CHARSET=utf8mb4 COLLATE=utf8mb4_unicode_ci;

--
-- Dumping data for table `sorsinavlars`
--


--
-- Table structure for table `sorumluluks`
--

CREATE TABLE `sorumluluks` (
  `id` bigint(20) unsigned NOT NULL AUTO_INCREMENT,
  `no` varchar(191) DEFAULT NULL,
  `name` varchar(191) DEFAULT NULL,
  `name_slug` varchar(191) DEFAULT NULL,
  `sinif` int(11) DEFAULT 0 COMMENT 'sorumluluk sınavı sınıf düzeyini gösterir',
  `ders` varchar(191) DEFAULT NULL,
  `ders_slug` varchar(191) DEFAULT NULL,
  `durum` int(11) NOT NULL DEFAULT 1,
  `kurum_id` int(11) NOT NULL DEFAULT 0,
  `created_at` timestamp NULL DEFAULT NULL,
  `updated_at` timestamp NULL DEFAULT NULL,
  PRIMARY KEY (`id`)
) ENGINE=MyISAM AUTO_INCREMENT=425 DEFAULT CHARSET=utf8mb4 COLLATE=utf8mb4_unicode_ci;

--
-- Dumping data for table `sorumluluks`
--

INSERT INTO `sorumluluks` (`id`, `no`, `name`, `name_slug`, `sinif`, `ders`, `ders_slug`, `durum`, `kurum_id`, `created_at`, `updated_at`) VALUES (1,'95','CEREN FATOŞ  ALTIN','ceren-fatos-altin',9,'PROGRAMLAMA TEMELLERİ','programlama-temelleri',1,1,'2023-12-21 10:50:54','2023-12-21 10:50:55'),(3,'199','EMİR  TURHAN','emir-turhan',9,'TÜRK DİLİ VE EDEBİYATI','turk-dili-ve-edebiyati',1,1,'2023-12-21 10:50:54','2023-12-21 10:50:55'),(4,'199','EMİR  TURHAN','emir-turhan',9,'PROGRAMLAMA TEMELLERİ','programlama-temelleri',1,1,'2023-12-21 10:50:54','2023-12-21 10:50:55'),(6,'355','ÜMİT AHMET  ÜNAL','umit-ahmet-unal',9,'TÜRK DİLİ VE EDEBİYATI','turk-dili-ve-edebiyati',1,1,'2023-12-21 10:50:54','2023-12-21 10:50:55'),(8,'531','OSMAN  ÇETİN','osman-cetin',9,'PROGRAMLAMA TEMELLERİ','programlama-temelleri',1,1,'2023-12-21 10:50:54','2023-12-21 10:50:55'),(10,'575','MERCAN SU  AKTAŞ','mercan-su-aktas',9,'PROGRAMLAMA TEMELLERİ','programlama-temelleri',1,1,'2023-12-21 10:50:54','2023-12-21 10:50:55'),(11,'575','MERCAN SU  AKTAŞ','mercan-su-aktas',9,'BİLGİSAYARLI TASARIM UYGULAMALARI','bilgisayarli-tasarim-uygulamalari',1,1,'2023-12-21 10:50:54','2023-12-21 10:50:55'),(12,'575','MERCAN SU  AKTAŞ','mercan-su-aktas',9,'BİLİŞİM TEKNOLOJİLERİNİN TEMELLERİ','bilisim-teknolojilerinin-temelleri',1,1,'2023-12-21 10:50:54','2023-12-21 10:50:55'),(13,'575','MERCAN SU  AKTAŞ','mercan-su-aktas',9,'TÜRK DİLİ VE EDEBİYATI','turk-dili-ve-edebiyati',1,1,'2023-12-21 10:50:54','2023-12-21 10:50:55'),(15,'579','KARDELEN  YABANCI','kardelen-yabanci',9,'PROGRAMLAMA TEMELLERİ','programlama-temelleri',1,1,'2023-12-21 10:50:54','2023-12-21 10:50:55'),(17,'603','KEREM  BALCI','kerem-balci',9,'PROGRAMLAMA TEMELLERİ','programlama-temelleri',1,1,'2023-12-21 10:50:54','2023-12-21 10:50:55'),(18,'603','KEREM  BALCI','kerem-balci',9,'BİLGİSAYARLI TASARIM UYGULAMALARI','bilgisayarli-tasarim-uygulamalari',1,1,'2023-12-21 10:50:54','2023-12-21 10:50:55'),(19,'603','KEREM  BALCI','kerem-balci',9,'BİLİŞİM TEKNOLOJİLERİNİN TEMELLERİ','bilisim-teknolojilerinin-temelleri',1,1,'2023-12-21 10:50:54','2023-12-21 10:50:55'),(20,'603','KEREM  BALCI','kerem-balci',9,'MESLEKİ GELİŞİM ATÖLYESİ','mesleki-gelisim-atolyesi',1,1,'2023-12-21 10:50:54','2023-12-21 10:50:55'),(21,'603','KEREM  BALCI','kerem-balci',9,'TÜRK DİLİ VE EDEBİYATI','turk-dili-ve-edebiyati',1,1,'2023-12-21 10:50:54','2023-12-21 10:50:55'),(23,'5602','SAMİR  TOĞUÇ','samir-toguc',9,'PROGRAMLAMA TEMELLERİ','programlama-temelleri',1,1,'2023-12-21 10:50:54','2023-12-21 10:50:55'),(24,'5602','SAMİR  TOĞUÇ','samir-toguc',9,'BİLGİSAYARLI TASARIM UYGULAMALARI','bilgisayarli-tasarim-uygulamalari',1,1,'2023-12-21 10:50:54','2023-12-21 10:50:55'),(25,'5602','SAMİR  TOĞUÇ','samir-toguc',9,'BİLİŞİM TEKNOLOJİLERİNİN TEMELLERİ','bilisim-teknolojilerinin-temelleri',1,1,'2023-12-21 10:50:54','2023-12-21 10:50:55'),(26,'5602','SAMİR  TOĞUÇ','samir-toguc',9,'TÜRK DİLİ VE EDEBİYATI','turk-dili-ve-edebiyati',1,1,'2023-12-21 10:50:54','2023-12-21 10:50:55'),(29,'16','ARDA  AKYOL','arda-akyol',9,'TÜRK DİLİ VE EDEBİYATI','turk-dili-ve-edebiyati',1,1,'2023-12-21 10:50:54','2023-12-21 10:50:55'),(30,'16','ARDA  AKYOL','arda-akyol',9,'TEMEL ELEKTRİK-ELEKTRONİK ATÖLYESİ','temel-elektrik-elektronik-atolyesi',1,1,'2023-12-21 10:50:54','2023-12-21 10:50:55'),(32,'167','BERK  AVŞAR','berk-avsar',9,'TÜRK DİLİ VE EDEBİYATI','turk-dili-ve-edebiyati',1,1,'2023-12-21 10:50:54','2023-12-21 10:50:55'),(34,'209','EDİZ CELAL  KARAOĞLAN','ediz-celal-karaoglan',9,'TEMEL ELEKTRİK-ELEKTRONİK ATÖLYESİ','temel-elektrik-elektronik-atolyesi',1,1,'2023-12-21 10:50:54','2023-12-21 10:50:55'),(35,'209','EDİZ CELAL  KARAOĞLAN','ediz-celal-karaoglan',9,'TÜRK DİLİ VE EDEBİYATI','turk-dili-ve-edebiyati',1,1,'2023-12-21 10:50:54','2023-12-21 10:50:55'),(37,'233','MEHMET EFE  KURT','mehmet-efe-kurt',9,'TEMEL ELEKTRİK-ELEKTRONİK ATÖLYESİ','temel-elektrik-elektronik-atolyesi',1,1,'2023-12-21 10:50:54','2023-12-21 10:50:55'),(38,'233','MEHMET EFE  KURT','mehmet-efe-kurt',9,'TÜRK DİLİ VE EDEBİYATI','turk-dili-ve-edebiyati',1,1,'2023-12-21 10:50:54','2023-12-21 10:50:55'),(40,'430','İLHAN ADEM  ARSLAN','ilhan-adem-arslan',9,'TEMEL ELEKTRİK-ELEKTRONİK ATÖLYESİ','temel-elektrik-elektronik-atolyesi',1,1,'2023-12-21 10:50:54','2023-12-21 10:50:55'),(42,'496','MUHAMMET  SÜSAN','muhammet-susan',9,'TEMEL ELEKTRİK-ELEKTRONİK ATÖLYESİ','temel-elektrik-elektronik-atolyesi',1,1,'2023-12-21 10:50:54','2023-12-21 10:50:55'),(44,'565','İNCİ  KILIÇ','inci-kilic',9,'TEMEL ELEKTRİK-ELEKTRONİK ATÖLYESİ','temel-elektrik-elektronik-atolyesi',1,1,'2023-12-21 10:50:54','2023-12-21 10:50:55'),(45,'565','İNCİ  KILIÇ','inci-kilic',9,'TÜRK DİLİ VE EDEBİYATI','turk-dili-ve-edebiyati',1,1,'2023-12-21 10:50:54','2023-12-21 10:50:55'),(47,'604','EYMEN YUSUF  USLU','eymen-yusuf-uslu',9,'TEMEL ELEKTRİK-ELEKTRONİK ATÖLYESİ','temel-elektrik-elektronik-atolyesi',1,1,'2023-12-21 10:50:54','2023-12-21 10:50:55'),(48,'604','EYMEN YUSUF  USLU','eymen-yusuf-uslu',9,'MESLEKİ GELİŞİM ATÖLYESİ','mesleki-gelisim-atolyesi',1,1,'2023-12-21 10:50:54','2023-12-21 10:50:55'),(49,'604','EYMEN YUSUF  USLU','eymen-yusuf-uslu',9,'TÜRK DİLİ VE EDEBİYATI','turk-dili-ve-edebiyati',1,1,'2023-12-21 10:50:54','2023-12-21 10:50:55'),(51,'656','ÇAĞAN  YAĞLIOĞLU','cagan-yaglioglu',9,'TEMEL ELEKTRİK-ELEKTRONİK ATÖLYESİ','temel-elektrik-elektronik-atolyesi',1,1,'2023-12-21 10:50:54','2023-12-21 10:50:55'),(52,'656','ÇAĞAN  YAĞLIOĞLU','cagan-yaglioglu',9,'MESLEKİ GELİŞİM ATÖLYESİ','mesleki-gelisim-atolyesi',1,1,'2023-12-21 10:50:54','2023-12-21 10:50:55'),(53,'656','ÇAĞAN  YAĞLIOĞLU','cagan-yaglioglu',9,'TÜRK DİLİ VE EDEBİYATI','turk-dili-ve-edebiyati',1,1,'2023-12-21 10:50:54','2023-12-21 10:50:55'),(55,'5595','BURAK  ARAĞ','burak-arag',9,'TEMEL ELEKTRİK-ELEKTRONİK ATÖLYESİ','temel-elektrik-elektronik-atolyesi',1,1,'2023-12-21 10:50:54','2023-12-21 10:50:55'),(57,'5641','EMRE  OKAN','emre-okan',9,'TEMEL ELEKTRİK-ELEKTRONİK ATÖLYESİ','temel-elektrik-elektronik-atolyesi',1,1,'2023-12-21 10:50:54','2023-12-21 10:50:55'),(58,'5641','EMRE  OKAN','emre-okan',9,'TÜRK DİLİ VE EDEBİYATI','turk-dili-ve-edebiyati',1,1,'2023-12-21 10:50:54','2023-12-21 10:50:55'),(61,'32','TUĞRA  ÖZDEMİR','tugra-ozdemir',10,'TÜRK DİLİ VE EDEBİYATI','turk-dili-ve-edebiyati',1,1,'2023-12-21 10:50:54','2023-12-21 10:50:55'),(63,'264','MERT  DOĞANAY','mert-doganay',10,'TÜRK DİLİ VE EDEBİYATI','turk-dili-ve-edebiyati',1,1,'2023-12-21 10:50:54','2023-12-21 10:50:55'),(65,'279','SAMİ YUSUF  KIRAÇ','sami-yusuf-kirac',9,'PROGRAMLAMA TEMELLERİ','programlama-temelleri',1,1,'2023-12-21 10:50:54','2023-12-21 10:50:55'),(66,'279','SAMİ YUSUF  KIRAÇ','sami-yusuf-kirac',10,'TÜRK DİLİ VE EDEBİYATI','turk-dili-ve-edebiyati',1,1,'2023-12-21 10:50:54','2023-12-21 10:50:55'),(67,'279','SAMİ YUSUF  KIRAÇ','sami-yusuf-kirac',9,'BİYOLOJİ','biyoloji',1,1,'2023-12-21 10:50:54','2023-12-21 10:50:55'),(69,'315','BURAK  TOSUN','burak-tosun',10,'TÜRK DİLİ VE EDEBİYATI','turk-dili-ve-edebiyati',1,1,'2023-12-21 10:50:54','2023-12-21 10:50:55'),(71,'317','SUPHİ  BALCI','suphi-balci',9,'TÜRK DİLİ VE EDEBİYATI','turk-dili-ve-edebiyati',1,1,'2023-12-21 10:50:54','2023-12-21 10:50:55'),(72,'317','SUPHİ  BALCI','suphi-balci',10,'TÜRK DİLİ VE EDEBİYATI','turk-dili-ve-edebiyati',1,1,'2023-12-21 10:50:54','2023-12-21 10:50:55'),(74,'322','MUSTAFA CELALEDDİN  EFİLTİ','mustafa-celaleddin-efilti',10,'TÜRK DİLİ VE EDEBİYATI','turk-dili-ve-edebiyati',1,1,'2023-12-21 10:50:54','2023-12-21 10:50:55'),(76,'330','FIRAT  KILIÇ','firat-kilic',9,'PROGRAMLAMA TEMELLERİ','programlama-temelleri',1,1,'2023-12-21 10:50:54','2023-12-21 10:50:55'),(77,'330','FIRAT  KILIÇ','firat-kilic',10,'TÜRK DİLİ VE EDEBİYATI','turk-dili-ve-edebiyati',1,1,'2023-12-21 10:50:54','2023-12-21 10:50:55'),(79,'377','ENVER  UÇKAN','enver-uckan',9,'COĞRAFYA','cografya',1,1,'2023-12-21 10:50:54','2023-12-21 10:50:55'),(80,'377','ENVER  UÇKAN','enver-uckan',9,'FİZİK','fizik',1,1,'2023-12-21 10:50:54','2023-12-21 10:50:55'),(81,'377','ENVER  UÇKAN','enver-uckan',9,'KİMYA','kimya',1,1,'2023-12-21 10:50:54','2023-12-21 10:50:55'),(82,'377','ENVER  UÇKAN','enver-uckan',9,'BİYOLOJİ','biyoloji',1,1,'2023-12-21 10:50:54','2023-12-21 10:50:55'),(83,'377','ENVER  UÇKAN','enver-uckan',9,'BİLİŞİM TEKNOLOJİLERİNİN TEMELLERİ','bilisim-teknolojilerinin-temelleri',1,1,'2023-12-21 10:50:54','2023-12-21 10:50:55'),(84,'377','ENVER  UÇKAN','enver-uckan',9,'TÜRK DİLİ VE EDEBİYATI','turk-dili-ve-edebiyati',1,1,'2023-12-21 10:50:54','2023-12-21 10:50:55'),(85,'377','ENVER  UÇKAN','enver-uckan',10,'TÜRK DİLİ VE EDEBİYATI','turk-dili-ve-edebiyati',1,1,'2023-12-21 10:50:54','2023-12-21 10:50:55'),(87,'395','BEKİR ERGÜN  KURU','bekir-ergun-kuru',9,'TÜRK DİLİ VE EDEBİYATI','turk-dili-ve-edebiyati',1,1,'2023-12-21 10:50:54','2023-12-21 10:50:55'),(88,'395','BEKİR ERGÜN  KURU','bekir-ergun-kuru',9,'PROGRAMLAMA TEMELLERİ','programlama-temelleri',1,1,'2023-12-21 10:50:54','2023-12-21 10:50:55'),(89,'395','BEKİR ERGÜN  KURU','bekir-ergun-kuru',10,'TÜRK DİLİ VE EDEBİYATI','turk-dili-ve-edebiyati',1,1,'2023-12-21 10:50:54','2023-12-21 10:50:55'),(91,'529','MUHAMMET  BAYDAR','muhammet-baydar',9,'TÜRK DİLİ VE EDEBİYATI','turk-dili-ve-edebiyati',1,1,'2023-12-21 10:50:54','2023-12-21 10:50:55'),(92,'529','MUHAMMET  BAYDAR','muhammet-baydar',10,'TÜRK DİLİ VE EDEBİYATI','turk-dili-ve-edebiyati',1,1,'2023-12-21 10:50:54','2023-12-21 10:50:55'),(94,'532','BATUHAN  TOSUN','batuhan-tosun',9,'TÜRK DİLİ VE EDEBİYATI','turk-dili-ve-edebiyati',1,1,'2023-12-21 10:50:54','2023-12-21 10:50:55'),(96,'560','TUĞBERK  KAYIKÇI','tugberk-kayikci',10,'TÜRK DİLİ VE EDEBİYATI','turk-dili-ve-edebiyati',1,1,'2023-12-21 10:50:54','2023-12-21 10:50:55'),(98,'643','KENAN  DENİZ','kenan-deniz',9,'DİN KÜLTÜRÜ VE AHLÂK BİLGİSİ','din-kulturu-ve-ahlak-bilgisi',1,1,'2023-12-21 10:50:54','2023-12-21 10:50:55'),(99,'643','KENAN  DENİZ','kenan-deniz',9,'TARİH','tarih',1,1,'2023-12-21 10:50:54','2023-12-21 10:50:55'),(100,'643','KENAN  DENİZ','kenan-deniz',9,'COĞRAFYA','cografya',1,1,'2023-12-21 10:50:54','2023-12-21 10:50:55'),(101,'643','KENAN  DENİZ','kenan-deniz',9,'MATEMATİK','matematik',1,1,'2023-12-21 10:50:54','2023-12-21 10:50:55'),(102,'643','KENAN  DENİZ','kenan-deniz',9,'FİZİK','fizik',1,1,'2023-12-21 10:50:54','2023-12-21 10:50:55'),(105,'278','EGE BAHA  DALOĞLU','ege-baha-daloglu',10,'TÜRK DİLİ VE EDEBİYATI','turk-dili-ve-edebiyati',1,1,'2023-12-21 10:50:54','2023-12-21 10:50:55'),(107,'437','BERKECAN  İNCEKAYA','berkecan-incekaya',9,'MESLEKİ GELİŞİM ATÖLYESİ','mesleki-gelisim-atolyesi',1,1,'2023-12-21 10:50:54','2023-12-21 10:50:55'),(109,'535','YAKUP  VURAL','yakup-vural',9,'TÜRK DİLİ VE EDEBİYATI','turk-dili-ve-edebiyati',1,1,'2023-12-21 10:50:54','2023-12-21 10:50:55'),(111,'538','OĞUZHAN  DOĞAN','oguzhan-dogan',10,'TÜRK DİLİ VE EDEBİYATI','turk-dili-ve-edebiyati',1,1,'2023-12-21 10:50:54','2023-12-21 10:50:55'),(113,'571','EMRE  TIRCAN','emre-tircan',9,'TÜRK DİLİ VE EDEBİYATI','turk-dili-ve-edebiyati',1,1,'2023-12-21 10:50:54','2023-12-21 10:50:55'),(126,'231','ELİFE  İNANLI','elife-inanli',9,'COĞRAFYA','cografya',1,1,'2023-12-21 10:50:54','2023-12-21 10:50:55'),(127,'231','ELİFE  İNANLI','elife-inanli',9,'MATEMATİK','matematik',1,1,'2023-12-21 10:50:54','2023-12-21 10:50:55'),(128,'231','ELİFE  İNANLI','elife-inanli',9,'FİZİK','fizik',1,1,'2023-12-21 10:50:54','2023-12-21 10:50:55'),(129,'231','ELİFE  İNANLI','elife-inanli',9,'BİYOLOJİ','biyoloji',1,1,'2023-12-21 10:50:54','2023-12-21 10:50:55'),(131,'325','İREM BUSE  ÇELİK','irem-buse-celik',11,'DİN KÜLTÜRÜ VE AHLÂK BİLGİSİ','din-kulturu-ve-ahlak-bilgisi',1,1,'2023-12-21 10:50:54','2023-12-21 10:50:55'),(132,'325','İREM BUSE  ÇELİK','irem-buse-celik',10,'TARİH','tarih',1,1,'2023-12-21 10:50:54','2023-12-21 10:50:55'),(133,'325','İREM BUSE  ÇELİK','irem-buse-celik',11,'FELSEFE','felsefe',1,1,'2023-12-21 10:50:54','2023-12-21 10:50:55'),(134,'325','İREM BUSE  ÇELİK','irem-buse-celik',12,'YABANCI DİL','yabanci-dil',1,1,'2023-12-21 10:50:54','2023-12-21 10:50:55'),(135,'325','İREM BUSE  ÇELİK','irem-buse-celik',11,'YABANCI DİL','yabanci-dil',1,1,'2023-12-21 10:50:54','2023-12-21 10:50:55'),(136,'325','İREM BUSE  ÇELİK','irem-buse-celik',12,'İNTERNET PROGRAMCILIĞI','internet-programciligi',1,1,'2023-12-21 10:50:54','2023-12-21 10:50:55'),(137,'325','İREM BUSE  ÇELİK','irem-buse-celik',12,'İŞLETMELERDE MESLEKİ EĞİTİM','isletmelerde-mesleki-egitim',1,1,'2023-12-21 10:50:54','2023-12-21 10:50:55'),(138,'325','İREM BUSE  ÇELİK','irem-buse-celik',12,'TÜRK DİLİ VE EDEBİYATI','turk-dili-ve-edebiyati',1,1,'2023-12-21 10:50:54','2023-12-21 10:50:55'),(139,'325','İREM BUSE  ÇELİK','irem-buse-celik',12,'SEÇMELİ TÜRK DİLİ VE EDEBİYATI','secmeli-turk-dili-ve-edebiyati',1,1,'2023-12-21 10:50:54','2023-12-21 10:50:55'),(140,'325','İREM BUSE  ÇELİK','irem-buse-celik',10,'FELSEFE','felsefe',1,1,'2023-12-21 10:50:54','2023-12-21 10:50:55'),(141,'325','İREM BUSE  ÇELİK','irem-buse-celik',10,'BİLİŞİM TEKNOLOJİLERİNİN TEMELLERİ','bilisim-teknolojilerinin-temelleri',1,1,'2023-12-21 10:50:54','2023-12-21 10:50:55'),(142,'325','İREM BUSE  ÇELİK','irem-buse-celik',10,'OFİS PROGRAMLARI','ofis-programlari',1,1,'2023-12-21 10:50:54','2023-12-21 10:50:55'),(143,'325','İREM BUSE  ÇELİK','irem-buse-celik',10,'TÜRK DİLİ VE EDEBİYATI','turk-dili-ve-edebiyati',1,1,'2023-12-21 10:50:54','2023-12-21 10:50:55'),(145,'359','IRMAK  ÖZDEN','irmak-ozden',10,'MATEMATİK','matematik',1,1,'2023-12-21 10:50:54','2023-12-21 10:50:55'),(146,'359','IRMAK  ÖZDEN','irmak-ozden',10,'FİZİK','fizik',1,1,'2023-12-21 10:50:54','2023-12-21 10:50:55'),(147,'359','IRMAK  ÖZDEN','irmak-ozden',9,'BİYOLOJİ','biyoloji',1,1,'2023-12-21 10:50:54','2023-12-21 10:50:55'),(148,'359','IRMAK  ÖZDEN','irmak-ozden',10,'BİYOLOJİ','biyoloji',1,1,'2023-12-21 10:50:54','2023-12-21 10:50:55'),(149,'359','IRMAK  ÖZDEN','irmak-ozden',9,'YABANCI DİL','yabanci-dil',1,1,'2023-12-21 10:50:54','2023-12-21 10:50:55'),(150,'359','IRMAK  ÖZDEN','irmak-ozden',11,'WEB TASARIM VE PROGRAMLAMA','web-tasarim-ve-programlama',1,1,'2023-12-21 10:50:54','2023-12-21 10:50:55'),(151,'359','IRMAK  ÖZDEN','irmak-ozden',9,'TÜRK DİLİ VE EDEBİYATI','turk-dili-ve-edebiyati',1,1,'2023-12-21 10:50:54','2023-12-21 10:50:55'),(153,'367','İHSAN  ÖZTÜRK','ihsan-ozturk',10,'MATEMATİK','matematik',1,1,'2023-12-21 10:50:54','2023-12-21 10:50:55'),(154,'367','İHSAN  ÖZTÜRK','ihsan-ozturk',10,'FİZİK','fizik',1,1,'2023-12-21 10:50:54','2023-12-21 10:50:55'),(155,'367','İHSAN  ÖZTÜRK','ihsan-ozturk',10,'BİYOLOJİ','biyoloji',1,1,'2023-12-21 10:50:54','2023-12-21 10:50:55'),(156,'367','İHSAN  ÖZTÜRK','ihsan-ozturk',11,'TÜRK DİLİ VE EDEBİYATI','turk-dili-ve-edebiyati',1,1,'2023-12-21 10:50:54','2023-12-21 10:50:55'),(157,'367','İHSAN  ÖZTÜRK','ihsan-ozturk',10,'TÜRK DİLİ VE EDEBİYATI','turk-dili-ve-edebiyati',1,1,'2023-12-21 10:50:54','2023-12-21 10:50:55'),(198,'410','YAĞMUR  ŞAHİN','yagmur-sahin',11,'TÜRK DİLİ VE EDEBİYATI','turk-dili-ve-edebiyati',1,1,'2023-12-21 10:50:54','2023-12-21 10:50:56'),(199,'410','YAĞMUR  ŞAHİN','yagmur-sahin',12,'TÜRK DİLİ VE EDEBİYATI','turk-dili-ve-edebiyati',1,1,'2023-12-21 10:50:54','2023-12-21 10:50:56'),(200,'410','YAĞMUR  ŞAHİN','yagmur-sahin',12,'DİN KÜLTÜRÜ VE AHLÂK BİLGİSİ','din-kulturu-ve-ahlak-bilgisi',1,1,'2023-12-21 10:50:54','2023-12-21 10:50:56'),(201,'410','YAĞMUR  ŞAHİN','yagmur-sahin',10,'COĞRAFYA','cografya',1,1,'2023-12-21 10:50:54','2023-12-21 10:50:56'),(202,'410','YAĞMUR  ŞAHİN','yagmur-sahin',12,'YABANCI DİL','yabanci-dil',1,1,'2023-12-21 10:50:54','2023-12-21 10:50:56'),(203,'410','YAĞMUR  ŞAHİN','yagmur-sahin',10,'MATEMATİK','matematik',1,1,'2023-12-21 10:50:54','2023-12-21 10:50:56'),(204,'410','YAĞMUR  ŞAHİN','yagmur-sahin',11,'TARİH','tarih',1,1,'2023-12-21 10:50:54','2023-12-21 10:50:56'),(205,'410','YAĞMUR  ŞAHİN','yagmur-sahin',12,'T.C. İNKILÂP TARİHİ VE ATATÜRKÇÜLÜK','tc-inkilap-tarihi-ve-ataturkculuk',1,1,'2023-12-21 10:50:54','2023-12-21 10:50:56'),(206,'410','YAĞMUR  ŞAHİN','yagmur-sahin',10,'FİZİK','fizik',1,1,'2023-12-21 10:50:54','2023-12-21 10:50:56'),(207,'410','YAĞMUR  ŞAHİN','yagmur-sahin',11,'FELSEFE','felsefe',1,1,'2023-12-21 10:50:54','2023-12-21 10:50:56'),(208,'410','YAĞMUR  ŞAHİN','yagmur-sahin',12,'İNTERNET PROGRAMCILIĞI','internet-programciligi',1,1,'2023-12-21 10:50:54','2023-12-21 10:50:56'),(209,'410','YAĞMUR  ŞAHİN','yagmur-sahin',10,'KİMYA','kimya',1,1,'2023-12-21 10:50:54','2023-12-21 10:50:56'),(210,'410','YAĞMUR  ŞAHİN','yagmur-sahin',12,'İŞLETMELERDE MESLEKİ EĞİTİM','isletmelerde-mesleki-egitim',1,1,'2023-12-21 10:50:54','2023-12-21 10:50:56'),(211,'410','YAĞMUR  ŞAHİN','yagmur-sahin',10,'BİYOLOJİ','biyoloji',1,1,'2023-12-21 10:50:54','2023-12-21 10:50:56'),(212,'410','YAĞMUR  ŞAHİN','yagmur-sahin',12,'SEÇMELİ DEMOKRASİ VE İNSAN HAKLARI','secmeli-demokrasi-ve-insan-haklari',1,1,'2023-12-21 10:50:54','2023-12-21 10:50:56'),(213,'410','YAĞMUR  ŞAHİN','yagmur-sahin',10,'FELSEFE','felsefe',1,1,'2023-12-21 10:50:54','2023-12-21 10:50:56'),(214,'410','YAĞMUR  ŞAHİN','yagmur-sahin',11,'GRAFİK VE ANİMASYON','grafik-ve-animasyon',1,1,'2023-12-21 10:50:54','2023-12-21 10:50:56'),(215,'410','YAĞMUR  ŞAHİN','yagmur-sahin',12,'SEÇMELİ MATEMATİK','secmeli-matematik',1,1,'2023-12-21 10:50:54','2023-12-21 10:50:56'),(216,'410','YAĞMUR  ŞAHİN','yagmur-sahin',10,'YABANCI DİL','yabanci-dil',1,1,'2023-12-21 10:50:54','2023-12-21 10:50:56'),(217,'410','YAĞMUR  ŞAHİN','yagmur-sahin',11,'WEB TASARIM VE PROGRAMLAMA','web-tasarim-ve-programlama',1,1,'2023-12-21 10:50:54','2023-12-21 10:50:56'),(218,'410','YAĞMUR  ŞAHİN','yagmur-sahin',10,'BİLİŞİM TEKNOLOJİLERİNİN TEMELLERİ','bilisim-teknolojilerinin-temelleri',1,1,'2023-12-21 10:50:54','2023-12-21 10:50:56'),(219,'410','YAĞMUR  ŞAHİN','yagmur-sahin',11,'SEÇMELİ MATEMATİK','secmeli-matematik',1,1,'2023-12-21 10:50:54','2023-12-21 10:50:56'),(220,'410','YAĞMUR  ŞAHİN','yagmur-sahin',9,'TÜRK DİLİ VE EDEBİYATI','turk-dili-ve-edebiyati',1,1,'2023-12-21 10:50:54','2023-12-21 10:50:56'),(221,'410','YAĞMUR  ŞAHİN','yagmur-sahin',10,'OFİS PROGRAMLARI','ofis-programlari',1,1,'2023-12-21 10:50:54','2023-12-21 10:50:56'),(222,'410','YAĞMUR  ŞAHİN','yagmur-sahin',11,'SEÇMELİ YABANCI DİL','secmeli-yabanci-dil',1,1,'2023-12-21 10:50:54','2023-12-21 10:50:56'),(223,'410','YAĞMUR  ŞAHİN','yagmur-sahin',10,'TÜRK DİLİ VE EDEBİYATI','turk-dili-ve-edebiyati',1,1,'2023-12-21 10:50:54','2023-12-21 10:50:56'),(224,'410','YAĞMUR  ŞAHİN','yagmur-sahin',10,'PROGRAMLAMA TEMELLERİ','programlama-temelleri',1,1,'2023-12-21 10:50:54','2023-12-21 10:50:56'),(225,'410','YAĞMUR  ŞAHİN','yagmur-sahin',10,'SEÇMELİ DRAMA','secmeli-drama',1,1,'2023-12-21 10:50:54','2023-12-21 10:50:56'),(227,'440','MEHMET SADIK  TEKİN','mehmet-sadik-tekin',10,'FİZİK','fizik',1,1,'2023-12-21 10:50:54','2023-12-21 10:50:56'),(228,'440','MEHMET SADIK  TEKİN','mehmet-sadik-tekin',10,'BİYOLOJİ','biyoloji',1,1,'2023-12-21 10:50:54','2023-12-21 10:50:56'),(229,'440','MEHMET SADIK  TEKİN','mehmet-sadik-tekin',11,'WEB TASARIM VE PROGRAMLAMA','web-tasarim-ve-programlama',1,1,'2023-12-21 10:50:54','2023-12-21 10:50:56'),(230,'440','MEHMET SADIK  TEKİN','mehmet-sadik-tekin',10,'TÜRK DİLİ VE EDEBİYATI','turk-dili-ve-edebiyati',1,1,'2023-12-21 10:50:54','2023-12-21 10:50:56'),(231,'440','MEHMET SADIK  TEKİN','mehmet-sadik-tekin',10,'BİLİŞİM TEKNİK RESMİ','bilisim-teknik-resmi',1,1,'2023-12-21 10:50:54','2023-12-21 10:50:56'),(233,'473','ÖMER FARUK  GÜNEŞ','omer-faruk-gunes',10,'TÜRK DİLİ VE EDEBİYATI','turk-dili-ve-edebiyati',1,1,'2023-12-21 10:50:54','2023-12-21 10:50:56'),(235,'505','YİĞİT MEHMET  ÇAĞLAR','yigit-mehmet-caglar',11,'TÜRK DİLİ VE EDEBİYATI','turk-dili-ve-edebiyati',1,1,'2023-12-21 10:50:54','2023-12-21 10:50:56'),(236,'505','YİĞİT MEHMET  ÇAĞLAR','yigit-mehmet-caglar',11,'WEB TABANLI UYGULAMA GELİŞTİRME','web-tabanli-uygulama-gelistirme',1,1,'2023-12-21 10:50:54','2023-12-21 10:50:56'),(237,'505','YİĞİT MEHMET  ÇAĞLAR','yigit-mehmet-caglar',10,'TÜRK DİLİ VE EDEBİYATI','turk-dili-ve-edebiyati',1,1,'2023-12-21 10:50:54','2023-12-21 10:50:56'),(239,'524','NUH CEMAL  ÇALIŞKAN','nuh-cemal-caliskan',10,'TÜRK DİLİ VE EDEBİYATI','turk-dili-ve-edebiyati',1,1,'2023-12-21 10:50:54','2023-12-21 10:50:56'),(241,'583','SUAT  ARACI','suat-araci',11,'TÜRK DİLİ VE EDEBİYATI','turk-dili-ve-edebiyati',1,1,'2023-12-21 10:50:54','2023-12-21 10:50:56'),(243,'631','FURKAN EMRE  DİMİŞGİ','furkan-emre-dimisgi',10,'TÜRK DİLİ VE EDEBİYATI','turk-dili-ve-edebiyati',1,1,'2023-12-21 10:50:54','2023-12-21 10:50:56'),(245,'633','HAKAN  YILMAZ','hakan-yilmaz',11,'TÜRK DİLİ VE EDEBİYATI','turk-dili-ve-edebiyati',1,1,'2023-12-21 10:50:54','2023-12-21 10:50:56'),(246,'633','HAKAN  YILMAZ','hakan-yilmaz',11,'WEB TABANLI UYGULAMA GELİŞTİRME','web-tabanli-uygulama-gelistirme',1,1,'2023-12-21 10:50:54','2023-12-21 10:50:56'),(247,'633','HAKAN  YILMAZ','hakan-yilmaz',10,'TÜRK DİLİ VE EDEBİYATI','turk-dili-ve-edebiyati',1,1,'2023-12-21 10:50:54','2023-12-21 10:50:56'),(249,'639','KAAN  KIDIŞ','kaan-kidis',11,'TÜRK DİLİ VE EDEBİYATI','turk-dili-ve-edebiyati',1,1,'2023-12-21 10:50:54','2023-12-21 10:50:56'),(252,'333','YASİN  PAKER','yasin-paker',11,'FELSEFE','felsefe',1,1,'2023-12-21 10:50:54','2023-12-21 10:50:56'),(253,'333','YASİN  PAKER','yasin-paker',12,'TÜRK DİLİ VE EDEBİYATI','turk-dili-ve-edebiyati',1,1,'2023-12-21 10:50:54','2023-12-21 10:50:56'),(254,'333','YASİN  PAKER','yasin-paker',11,'TÜRK DİLİ VE EDEBİYATI','turk-dili-ve-edebiyati',1,1,'2023-12-21 10:50:54','2023-12-21 10:50:56'),(257,'147','FIRAT  YİĞİT','firat-yigit',11,'TÜRK DİLİ VE EDEBİYATI','turk-dili-ve-edebiyati',1,1,'2023-12-21 10:50:54','2023-12-21 10:50:56'),(258,'147','FIRAT  YİĞİT','firat-yigit',10,'TÜRK DİLİ VE EDEBİYATI','turk-dili-ve-edebiyati',1,1,'2023-12-21 10:50:54','2023-12-21 10:50:56'),(260,'230','AYBARS  YILDIRIM','aybars-yildirim',11,'TÜRK DİLİ VE EDEBİYATI','turk-dili-ve-edebiyati',1,1,'2023-12-21 10:50:54','2023-12-21 10:50:56'),(262,'449','YEZDA  KOCAYİĞİT','yezda-kocayigit',9,'COĞRAFYA','cografya',1,1,'2023-12-21 10:50:54','2023-12-21 10:50:56'),(263,'449','YEZDA  KOCAYİĞİT','yezda-kocayigit',9,'MATEMATİK','matematik',1,1,'2023-12-21 10:50:54','2023-12-21 10:50:56'),(264,'449','YEZDA  KOCAYİĞİT','yezda-kocayigit',9,'KİMYA','kimya',1,1,'2023-12-21 10:50:54','2023-12-21 10:50:56'),(265,'449','YEZDA  KOCAYİĞİT','yezda-kocayigit',9,'BİYOLOJİ','biyoloji',1,1,'2023-12-21 10:50:54','2023-12-21 10:50:56'),(266,'449','YEZDA  KOCAYİĞİT','yezda-kocayigit',11,'TÜRK DİLİ VE EDEBİYATI','turk-dili-ve-edebiyati',1,1,'2023-12-21 10:50:54','2023-12-21 10:50:56'),(267,'449','YEZDA  KOCAYİĞİT','yezda-kocayigit',10,'TÜRK DİLİ VE EDEBİYATI','turk-dili-ve-edebiyati',1,1,'2023-12-21 10:50:54','2023-12-21 10:50:56'),(269,'452','MUHAMMET  KAPAN','muhammet-kapan',9,'COĞRAFYA','cografya',1,1,'2023-12-21 10:50:54','2023-12-21 10:50:56'),(270,'452','MUHAMMET  KAPAN','muhammet-kapan',9,'MATEMATİK','matematik',1,1,'2023-12-21 10:50:54','2023-12-21 10:50:56'),(271,'452','MUHAMMET  KAPAN','muhammet-kapan',9,'FİZİK','fizik',1,1,'2023-12-21 10:50:54','2023-12-21 10:50:56'),(272,'452','MUHAMMET  KAPAN','muhammet-kapan',10,'TÜRK DİLİ VE EDEBİYATI','turk-dili-ve-edebiyati',1,1,'2023-12-21 10:50:54','2023-12-21 10:50:56'),(274,'458','GÜLSEMİN  ŞANLI','gulsemin-sanli',9,'MATEMATİK','matematik',1,1,'2023-12-21 10:50:54','2023-12-21 10:50:56'),(276,'471','MEHMET  AKGÜL','mehmet-akgul',9,'PROGRAMLAMA TEMELLERİ','programlama-temelleri',1,1,'2023-12-21 10:50:54','2023-12-21 10:50:56'),(278,'489','İSMAİL ARDA  ÖNEN','ismail-arda-onen',11,'WEB TABANLI UYGULAMA GELİŞTİRME','web-tabanli-uygulama-gelistirme',1,1,'2023-12-21 10:50:54','2023-12-21 10:50:56'),(279,'489','İSMAİL ARDA  ÖNEN','ismail-arda-onen',10,'NESNE TABANLI PROGRAMLAMA','nesne-tabanli-programlama',1,1,'2023-12-21 10:50:54','2023-12-21 10:50:56'),(281,'589','HATİCE  ŞANLI','hatice-sanli',9,'COĞRAFYA','cografya',1,1,'2023-12-21 10:50:54','2023-12-21 10:50:56'),(282,'589','HATİCE  ŞANLI','hatice-sanli',9,'MATEMATİK','matematik',1,1,'2023-12-21 10:50:54','2023-12-21 10:50:56'),(283,'589','HATİCE  ŞANLI','hatice-sanli',9,'KİMYA','kimya',1,1,'2023-12-21 10:50:54','2023-12-21 10:50:56'),(285,'608','NEHİR  COŞKUN','nehir-coskun',11,'WEB TABANLI UYGULAMA GELİŞTİRME','web-tabanli-uygulama-gelistirme',1,1,'2023-12-21 10:50:54','2023-12-21 10:50:56'),(287,'629','FATMA  ÖZTÜRK','fatma-ozturk',11,'WEB TABANLI UYGULAMA GELİŞTİRME','web-tabanli-uygulama-gelistirme',1,1,'2023-12-21 10:50:54','2023-12-21 10:50:56'),(289,'642','YAREN  ÖZTÜRK','yaren-ozturk',11,'TÜRK DİLİ VE EDEBİYATI','turk-dili-ve-edebiyati',1,1,'2023-12-21 10:50:54','2023-12-21 10:50:56'),(290,'642','YAREN  ÖZTÜRK','yaren-ozturk',10,'TÜRK DİLİ VE EDEBİYATI','turk-dili-ve-edebiyati',1,1,'2023-12-21 10:50:54','2023-12-21 10:50:56'),(293,'98','DEHA KUTAY  UZUN','deha-kutay-uzun',9,'TARİH','tarih',1,1,'2023-12-21 10:50:54','2023-12-21 10:50:56'),(294,'98','DEHA KUTAY  UZUN','deha-kutay-uzun',11,'DİN KÜLTÜRÜ VE AHLÂK BİLGİSİ','din-kulturu-ve-ahlak-bilgisi',1,1,'2023-12-21 10:50:54','2023-12-21 10:50:56'),(295,'98','DEHA KUTAY  UZUN','deha-kutay-uzun',12,'T.C. İNKILÂP TARİHİ VE ATATÜRKÇÜLÜK','tc-inkilap-tarihi-ve-ataturkculuk',1,1,'2023-12-21 10:50:54','2023-12-21 10:50:56'),(296,'98','DEHA KUTAY  UZUN','deha-kutay-uzun',9,'COĞRAFYA','cografya',1,1,'2023-12-21 10:50:54','2023-12-21 10:50:56'),(297,'98','DEHA KUTAY  UZUN','deha-kutay-uzun',9,'MATEMATİK','matematik',1,1,'2023-12-21 10:50:54','2023-12-21 10:50:56'),(298,'98','DEHA KUTAY  UZUN','deha-kutay-uzun',12,'İŞLETMELERDE MESLEKİ EĞİTİM','isletmelerde-mesleki-egitim',1,1,'2023-12-21 10:50:54','2023-12-21 10:50:56'),(299,'98','DEHA KUTAY  UZUN','deha-kutay-uzun',9,'FİZİK','fizik',1,1,'2023-12-21 10:50:54','2023-12-21 10:50:56'),(300,'98','DEHA KUTAY  UZUN','deha-kutay-uzun',11,'FELSEFE','felsefe',1,1,'2023-12-21 10:50:54','2023-12-21 10:50:56'),(301,'98','DEHA KUTAY  UZUN','deha-kutay-uzun',12,'TÜRK DİLİ VE EDEBİYATI','turk-dili-ve-edebiyati',1,1,'2023-12-21 10:50:54','2023-12-21 10:50:56'),(302,'98','DEHA KUTAY  UZUN','deha-kutay-uzun',9,'BİYOLOJİ','biyoloji',1,1,'2023-12-21 10:50:54','2023-12-21 10:50:56'),(303,'98','DEHA KUTAY  UZUN','deha-kutay-uzun',12,'SEÇMELİ MATEMATİK','secmeli-matematik',1,1,'2023-12-21 10:50:54','2023-12-21 10:50:56'),(304,'98','DEHA KUTAY  UZUN','deha-kutay-uzun',9,'YABANCI DİL','yabanci-dil',1,1,'2023-12-21 10:50:54','2023-12-21 10:50:56'),(305,'98','DEHA KUTAY  UZUN','deha-kutay-uzun',12,'SEÇMELİ DEMOKRASİ VE İNSAN HAKLARI','secmeli-demokrasi-ve-insan-haklari',1,1,'2023-12-21 10:50:54','2023-12-21 10:50:56'),(306,'98','DEHA KUTAY  UZUN','deha-kutay-uzun',11,'BİLGİSAYAR DESTEKLİ UYGULAMALAR','bilgisayar-destekli-uygulamalar',1,1,'2023-12-21 10:50:54','2023-12-21 10:50:56'),(307,'98','DEHA KUTAY  UZUN','deha-kutay-uzun',11,'DİJİTAL ELEKTRONİK','dijital-elektronik',1,1,'2023-12-21 10:50:54','2023-12-21 10:50:56'),(308,'98','DEHA KUTAY  UZUN','deha-kutay-uzun',10,'ELEKTRİK ELEKTRONİK VE ÖLÇME','elektrik-elektronik-ve-olcme',1,1,'2023-12-21 10:50:54','2023-12-21 10:50:56'),(309,'98','DEHA KUTAY  UZUN','deha-kutay-uzun',11,'ENDÜSTRİYEL KONTROL VE ARIZA ANALİZİ','endustriyel-kontrol-ve-ariza-analizi',1,1,'2023-12-21 10:50:54','2023-12-21 10:50:56'),(310,'98','DEHA KUTAY  UZUN','deha-kutay-uzun',11,'MİKROKONTROL DEVRELERİ','mikrokontrol-devreleri',1,1,'2023-12-21 10:50:54','2023-12-21 10:50:56'),(311,'98','DEHA KUTAY  UZUN','deha-kutay-uzun',10,'TÜRK DİLİ VE EDEBİYATI','turk-dili-ve-edebiyati',1,1,'2023-12-21 10:50:54','2023-12-21 10:50:56'),(312,'98','DEHA KUTAY  UZUN','deha-kutay-uzun',11,'SEÇMELİ YABANCI DİL','secmeli-yabanci-dil',1,1,'2023-12-21 10:50:54','2023-12-21 10:50:56'),(314,'262','ARDA FURKAN  TERLER','arda-furkan-terler',12,'TÜRK DİLİ VE EDEBİYATI','turk-dili-ve-edebiyati',1,1,'2023-12-21 10:50:54','2023-12-21 10:50:56'),(316,'320','BURAK  ŞAMAN','burak-saman',11,'TARİH','tarih',1,1,'2023-12-21 10:50:54','2023-12-21 10:50:56'),(317,'320','BURAK  ŞAMAN','burak-saman',10,'ELEKTRİK-ELEKTRONİK TEKNİK RESMİ','elektrik-elektronik-teknik-resmi',1,1,'2023-12-21 10:50:54','2023-12-21 10:50:56'),(319,'352','ŞEHMUS  BAĞI','sehmus-bagi',12,'TÜRK DİLİ VE EDEBİYATI','turk-dili-ve-edebiyati',1,1,'2023-12-21 10:50:54','2023-12-21 10:50:56'),(321,'363','İBRAHİM  BOYRAZ','ibrahim-boyraz',12,'TÜRK DİLİ VE EDEBİYATI','turk-dili-ve-edebiyati',1,1,'2023-12-21 10:50:54','2023-12-21 10:50:56'),(322,'363','İBRAHİM  BOYRAZ','ibrahim-boyraz',9,'MATEMATİK','matematik',1,1,'2023-12-21 10:50:54','2023-12-21 10:50:56'),(323,'363','İBRAHİM  BOYRAZ','ibrahim-boyraz',9,'KİMYA','kimya',1,1,'2023-12-21 10:50:54','2023-12-21 10:50:56'),(324,'363','İBRAHİM  BOYRAZ','ibrahim-boyraz',9,'YABANCI DİL','yabanci-dil',1,1,'2023-12-21 10:50:54','2023-12-21 10:50:56'),(326,'416','EYÜP  GÜLAL','eyup-gulal',10,'KİMYA','kimya',1,1,'2023-12-21 10:50:54','2023-12-21 10:50:56'),(329,'166','MERT  DEVECİ','mert-deveci',9,'DİN KÜLTÜRÜ VE AHLÂK BİLGİSİ','din-kulturu-ve-ahlak-bilgisi',1,1,'2023-12-21 10:50:54','2023-12-21 10:50:56'),(330,'166','MERT  DEVECİ','mert-deveci',9,'COĞRAFYA','cografya',1,1,'2023-12-21 10:50:54','2023-12-21 10:50:56'),(331,'166','MERT  DEVECİ','mert-deveci',9,'FİZİK','fizik',1,1,'2023-12-21 10:50:54','2023-12-21 10:50:56'),(332,'166','MERT  DEVECİ','mert-deveci',9,'KİMYA','kimya',1,1,'2023-12-21 10:50:54','2023-12-21 10:50:56'),(333,'166','MERT  DEVECİ','mert-deveci',9,'BİYOLOJİ','biyoloji',1,1,'2023-12-21 10:50:54','2023-12-21 10:50:56'),(334,'166','MERT  DEVECİ','mert-deveci',9,'TÜRK DİLİ VE EDEBİYATI','turk-dili-ve-edebiyati',1,1,'2023-12-21 10:50:54','2023-12-21 10:50:56'),(336,'187','EMİRHAN  BAŞBUĞ','emirhan-basbug',9,'TÜRK DİLİ VE EDEBİYATI','turk-dili-ve-edebiyati',1,1,'2023-12-21 10:50:54','2023-12-21 10:50:56'),(337,'187','EMİRHAN  BAŞBUĞ','emirhan-basbug',10,'TÜRK DİLİ VE EDEBİYATI','turk-dili-ve-edebiyati',1,1,'2023-12-21 10:50:54','2023-12-21 10:50:56'),(339,'474','BERKAY  YALÇINKAYA','berkay-yalcinkaya',9,'COĞRAFYA','cografya',1,1,'2023-12-21 10:50:54','2023-12-21 10:50:56'),(340,'474','BERKAY  YALÇINKAYA','berkay-yalcinkaya',9,'MESLEKİ GELİŞİM ATÖLYESİ','mesleki-gelisim-atolyesi',1,1,'2023-12-21 10:50:54','2023-12-21 10:50:56'),(341,'474','BERKAY  YALÇINKAYA','berkay-yalcinkaya',9,'TEMEL ELEKTRİK-ELEKTRONİK ATÖLYESİ','temel-elektrik-elektronik-atolyesi',1,1,'2023-12-21 10:50:54','2023-12-21 10:50:56'),(342,'474','BERKAY  YALÇINKAYA','berkay-yalcinkaya',10,'ELEKTRONİK ATÖLYESİ','elektronik-atolyesi',1,1,'2023-12-21 10:50:54','2023-12-21 10:50:56'),(344,'623','CEYLİN  TARIM','ceylin-tarim',9,'BİYOLOJİ','biyoloji',1,1,'2023-12-21 10:50:54','2023-12-21 10:50:56');

--
-- Table structure for table `starihs`
--

CREATE TABLE `starihs` (
  `id` bigint(20) unsigned NOT NULL AUTO_INCREMENT,
  `bstarih` date DEFAULT NULL COMMENT 'sınav başlangıç tarihi',
  `bttarih` date DEFAULT NULL COMMENT 'sınav bitiş tarihi',
  `bssaat` varchar(191) DEFAULT NULL,
  `btsaat` varchar(191) DEFAULT NULL,
  `hsonu` varchar(191) NOT NULL DEFAULT 'evet',
  `birlestir` varchar(191) NOT NULL DEFAULT 'evet',
  `kurum_id` int(11) NOT NULL DEFAULT 0,
  `durum` int(11) NOT NULL DEFAULT 0,
  `created_at` timestamp NULL DEFAULT NULL,
  `updated_at` timestamp NULL DEFAULT NULL,
  PRIMARY KEY (`id`)
) ENGINE=MyISAM AUTO_INCREMENT=2 DEFAULT CHARSET=utf8mb4 COLLATE=utf8mb4_unicode_ci;

--
-- Dumping data for table `starihs`
--

INSERT INTO `starihs` (`id`, `bstarih`, `bttarih`, `bssaat`, `btsaat`, `hsonu`, `birlestir`, `kurum_id`, `durum`, `created_at`, `updated_at`) VALUES (1,'2023-09-11','2023-09-17','7','9','evet','evet',1,0,'2023-09-07 08:28:08','2023-09-07 08:28:08');

--
-- Table structure for table `ucrets`
--

CREATE TABLE `ucrets` (
  `id` bigint(20) unsigned NOT NULL AUTO_INCREMENT,
  `tanim` varchar(191) DEFAULT NULL,
  `ucret` double NOT NULL,
  `durum` int(11) NOT NULL DEFAULT 0,
  `created_at` timestamp NULL DEFAULT NULL,
  `updated_at` timestamp NULL DEFAULT NULL,
  `deleted_at` timestamp NULL DEFAULT NULL,
  PRIMARY KEY (`id`)
) ENGINE=MyISAM AUTO_INCREMENT=2 DEFAULT CHARSET=utf8mb4 COLLATE=utf8mb4_unicode_ci;

--
-- Dumping data for table `ucrets`
--

INSERT INTO `ucrets` (`id`, `tanim`, `ucret`, `durum`, `created_at`, `updated_at`, `deleted_at`) VALUES (1,'Sigorta Ücreti',114,0,'2021-02-15 07:31:27','2023-12-26 07:59:30',NULL);

--
-- Dumping events for database 'ihmtafew_kelebek'
--

--
-- Dumping routines for database 'ihmtafew_kelebek'
--


